0*p + 2. Let i be 13 + 6/9*3. Let f = p + i. What is the units digit of f?
7
Let n = 203 + -134. What is the units digit of n?
9
Let h(x) = x**2 - 7*x - 13. Let q be h(9). Suppose -5 = 2*u - q*i, -4*i - 10 = u - 4*u. What is the units digit of u?
0
Let i(t) = -t**3 - 9*t**2 - t + 5. Let a be i(-9). Let w = a + -2. What is the units digit of w?
2
Let f(y) = -2*y + y**3 - y - 5 - 2*y**2 + 1. Let t be f(4). Let j = -11 + t. What is the units digit of j?
5
Suppose 3*w = 5 + 1. Suppose -w*l = l - 27. What is the units digit of l?
9
Let m = 162 - 143. What is the tens digit of m?
1
Let g(v) = v**3 + 5*v**2 + 2*v + 6. Let y be g(-5). What is the tens digit of (-951)/(-18) - y/24?
5
Suppose 3*v - 3*a - 7 = v, 5*a = 4*v - 19. What is the tens digit of v?
1
Let p(m) = 2*m**2 - 8*m + 3. Let h = 12 - 6. What is the tens digit of p(h)?
2
Let f(l) = 3*l + 0*l - 4*l. Let c be f(-2). Suppose -33 = -5*k + 2*n, k - 8 = n - c*n. What is the units digit of k?
7
Let c(s) be the third derivative of -s**5/60 - 3*s**4/8 + 2*s**3/3 + s**2. What is the units digit of c(-8)?
2
Let y(c) = 5*c - 5. What is the tens digit of y(5)?
2
Let q(z) = z**2 - 5*z + 5. Let n be q(4). What is the tens digit of 15 + (n - 3 - 1)?
1
Let x = 5 - 7. What is the units digit of 3*(x + 34/6)?
1
Let s(f) be the second derivative of 4*f**4/3 + 3*f. What is the tens digit of s(-1)?
1
Suppose -2*r = r. What is the units digit of (r - (-6)/15)*35?
4
Suppose -4*x + 5*f + 91 = -2*x, -4*x = -4*f - 212. What is the tens digit of x?
5
Let w(i) = 31*i - 21. What is the units digit of w(3)?
2
Let m = -15 - -37. What is the tens digit of m?
2
Let j(u) = 8*u - 4. Let x be j(-4). Let d = 68 + x. What is the units digit of d?
2
Let t = -1 - -3. What is the units digit of (0/t + -3)*-13?
9
Let o(g) = -g**3 + 4*g**2 + 5. Let f be o(4). Suppose d = 4*y - 78, 3*y + f*d - 3*d - 53 = 0. What is the tens digit of y?
1
Let g(n) = -n**3 - 7*n**2 - 7*n - 6. Let z be g(-5). What is the units digit of ((-36)/z)/(8/28)?
6
Let b be (-1 + 1)/((-3)/3). Suppose 5*n + 24 - 159 = b. What is the tens digit of n?
2
Suppose -u + 934 = 4*j, 2*j + 2*u - 346 = 124. What is the units digit of j?
3
Let t = -6 + 28. What is the units digit of t?
2
Suppose l = 2*q + 3*l - 450, 2*q - 5*l = 429. What is the units digit of q?
2
Let r(i) = 91*i - 2. What is the tens digit of r(2)?
8
Suppose -4*a = -0*a. Suppose a = -5*s + 44 + 6. What is the tens digit of s?
1
Let p(y) = 4*y - 10. Let k be p(2). Suppose -2*s - 10 = -3*f + 2, -3*f + 12 = -3*s. Let i = f + k. What is the units digit of i?
2
Let k(t) = t**2 - 9*t + 3. Let c be k(6). Let a be -10*(2 + 36/c). Suppose a*d + 2 - 14 = 0. What is the units digit of d?
3
Suppose 4*w + 711 = -681. What is the units digit of 1/(-4) - w/48?
7
Suppose n = -2*n + 21. Let y(t) = -t**3 - 3*t**2 - t + 2. Let s be y(-2). Let f = s + n. What is the units digit of f?
7
Let r = -10 + 7. Let f(c) = -2*c**3 - 4*c**2 + c. What is the tens digit of f(r)?
1
What is the units digit of -4 - -3*6/2?
5
Suppose -3 + 15 = -3*r. Let m be 2/r*0/3. Suppose -3*q + m*q + 22 = 2*h, 0 = 4*q. What is the tens digit of h?
1
Let s = -12 - -15. Suppose s*u = 38 + 19. What is the units digit of u?
9
Let x = 358 - 111. What is the tens digit of x?
4
Let h = 11 + 5. Suppose -h = -6*o + 2*o. Suppose 33 = 5*c - 4*w, 0 = -c + o*w - w. What is the units digit of c?
9
Let x(s) = s. Let b(g) = 16*g. Let w(q) = b(q) - 12*x(q). Let p be w(3). Suppose 0 = 3*m - 9 - p. What is the units digit of m?
7
What is the tens digit of (-6)/33 + (-6060)/(-55)?
1
Suppose 4*t = 3*r + 872, -t = 5*r - 2*r - 218. What is the tens digit of t?
1
Suppose -3*s + 2 = -2*s. Suppose 3*x = -s*x. Suppose 3*b - 2*h + h - 9 = x, b - h - 5 = 0. What is the units digit of b?
2
Let l(k) = k**3 - 6*k**2 + 5*k + 3. What is the units digit of l(5)?
3
Let q = -13 - -5. Let v(s) = s**3 + 8*s**2 + 4. Let z be v(q). Suppose 0*i + z*i - 26 = 5*l, -4*i + 3*l = -30. What is the units digit of i?
9
Let h = -42 - -325. What is the hundreds digit of h?
2
Let i = 417 - 212. What is the tens digit of i?
0
Let g be ((-27)/45)/(2/(-10)). Suppose -g*p - 9 = -0*p, f + p = 28. What is the tens digit of f?
3
Let z = 332 - 187. What is the units digit of z?
5
Let n(c) = -c**3 + 2*c**2 + 1. Let o be n(3). Let w be o + 1 + 3 + -2. Let s = 13 + w. What is the units digit of s?
7
Suppose -4*n + 23 = 3*i, 0*i - 3*i + 28 = 5*n. Let z = n - 3. What is the units digit of z?
2
Let w = -7 - -19. Let n be (12/(-9))/(2/(-9)). Suppose -q - c + n - 3 = 0, 4*c = -w. What is the units digit of q?
6
Let i(o) = -32*o + 9. What is the tens digit of i(-8)?
6
Let i = -2 + 1. Let n = 5 + i. What is the units digit of (n/(-6))/((-8)/108)?
9
Let b be (-48)/(-18) + 1/3. Suppose -3*s + 2*y = -13, 3*y - 5 - 28 = -b*s. What is the units digit of s?
7
Let m(l) = l**2 + 9*l + 10. Let k be m(-8). Suppose k*s + 0*n - 5*n = 11, -5*s = 2*n - 71. What is the tens digit of s?
1
Suppose -f - 2331 = -10*f. What is the tens digit of f?
5
Suppose 3*u - f - 9 - 9 = 0, -5*u - 5*f + 10 = 0. Suppose d + 36 = u*t, 0*t = 2*t - 4*d. What is the units digit of t?
8
Let x(c) = 3*c - 3 + 4 - c - 5*c. Let m be x(-1). Suppose 0 = -4*k - s + 30, -3*k - 4*s + 12 = -m. What is the units digit of k?
8
Let v = 0 - -2. Suppose -4*s + 31 = -3*h, 4*s = 7*h - v*h + 25. What is the tens digit of s?
1
Let s(m) = 10 + 1 + 4*m - 3 - 5*m. Suppose -26 = -0*j - 5*j + x, 32 = 2*j + 5*x. What is the units digit of s(j)?
2
Let s = -11 - -14. What is the units digit of s?
3
Let r be (-74)/(-4) - 6/12. Let j = r - -16. What is the tens digit of j?
3
What is the units digit of -1 + (3 + -5 - -4)?
1
Let x be 2*(-3)/(9/3). Let y(w) = w**2 + 2*w + 1. What is the units digit of y(x)?
1
Suppose 4*i = -16, -3*i + 16 = 2*p + 2*i. What is the units digit of p?
8
Let k be (2 + 1)*(-3)/3. Let g = 3 - k. What is the units digit of g?
6
Let w = -8 + 7. What is the tens digit of 259/(-28)*(w - 3)?
3
Let o(z) = z**2 - 4*z + 4. Let y be o(4). Suppose 4*x - 5*x - 18 = y*s, -5 = 3*s + 5*x. What is the units digit of (-15 + 0)*3/s?
9
Let x be ((-10)/15)/(2/21). Let y = 8 + x. What is the units digit of y?
1
Suppose 0 = -6*r + 9*r - 294. What is the tens digit of r?
9
What is the units digit of (3 + 1 - 2) + 3?
5
Let b(r) = r + 6. Let y(p) = 1. Let k(f) = -3*b(f) + 15*y(f). Let v(m) = -m. Let u(l) = -k(l) + 2*v(l). What is the units digit of u(5)?
8
Suppose -5*y + 56 = -169. What is the tens digit of y?
4
What is the hundreds digit of (14/4)/(3/168)?
1
Let g(b) = -b**3 + 5*b**2 + 8*b - 8. Let o be (-12)/4 + 18/2. What is the units digit of g(o)?
4
Let g = 3 + 0. Suppose -5 = -3*f + 2*l, 5*f - 4*l + 0*l - 7 = 0. Suppose b - g = f. What is the units digit of b?
6
Suppose 4*v = -15 + 3, 3*v - 20 = -j. What is the tens digit of j?
2
Let w = 105 + -14. What is the tens digit of w?
9
Suppose -5*p + 0*p = -20. Let y = p + 0. What is the tens digit of y/2 - 8/(-1)?
1
Let b(v) = 4*v. Let p be b(-9). Let t = p + 57. What is the units digit of t?
1
Suppose -4*l + x + 11 = 0, 2*l - 19 = -0*l + 5*x. Suppose 0 = 5*a + 8 + l. Let d(j) = -j**3 - 2*j**2 - 2*j - 2. What is the units digit of d(a)?
2
Let w = 40 + 263. What is the hundreds digit of w?
3
Let x(h) = h**2 - h. Let a be x(-7). Suppose -4*d + a = -2*v, 0 = -4*d + 7*v - 4*v + 58. Let p = d + -2. What is the tens digit of p?
1
Let f(r) = 4*r**3 - r**2 - 5*r + 5. What is the tens digit of f(2)?
2
Let u be 1/2 - 4/8. Suppose u = j + j - 24. What is the tens digit of j?
1
Suppose -4*g = -2*j + 6*j - 24, 4*j + 2*g - 18 = 0. Suppose 0 = z + 2*f - j - 0, -3*z - 4*f + 7 = 0. What is the units digit of -8*((-1 - z) + 1)?
8
Let m be (-4)/14 - (-732)/14. Suppose -2*r - 27 - m = -3*l, 2*l - 2*r = 56. What is the tens digit of l?
2
Let u = -9 - -11. Let c(i) be the third derivative of i**6/120 - i**5/60 + i**4/8 - i**3/6 + i**2. What is the units digit of c(u)?
9
Suppose 2*n + 3 = -3*r, 3*n - r + 6*r + 4 = 0. Let t = -2 - 0. Let p = t - n. What is the units digit of p?
1
Let j = -33 + 53. What is the tens digit of j?
2
Let j(f) = -2*f - 5. Let m be j(-4). Let r(n) = n**3 - n**2 - 1. Let a be r(3). Suppose -56 = -m*g - a. What is the units digit of g?
3
Suppose 4*u - l = -6, u + 4*u - 5*l = 0. Let c be 78/18 + u/(-3). Let s(j) = -j**2 + 8*j - 6. What is 